{"id":21,"date":"2026-03-17T18:41:54","date_gmt":"2026-03-17T17:41:54","guid":{"rendered":"http:\/\/nogossanbinate.test\/?page_id=21"},"modified":"2026-04-02T17:33:52","modified_gmt":"2026-04-02T15:33:52","slug":"21-2","status":"publish","type":"page","link":"https:\/\/nogossanbinate.fr\/","title":{"rendered":"Portfolio"},"content":{"rendered":"\n<h2 class=\"wp-block-heading has-text-align-center\">Web &amp; e-commerce <\/h2>\n\n\n\n<h2 class=\"wp-block-heading has-text-align-center\">Entre technique, exp\u00e9rience client et univers beaut\u00e9<\/h2>\n\n\n\n<p>Apr\u00e8s 5 ans dans l&rsquo;esth\u00e9tique et la vente en cosm\u00e9tique, j&rsquo;ai choisi de faire une reconversion dans le d\u00e9veloppement web afin de cr\u00e9er des exp\u00e9riences digitales align\u00e9es avec les attentes des utilisateurs.<\/p>\n\n\n\n<div class=\"wp-block-columns is-layout-flex wp-container-core-columns-is-layout-9d6595d7 wp-block-columns-is-layout-flex\">\n<div class=\"wp-block-column is-layout-flow wp-block-column-is-layout-flow\">\n<h3 class=\"wp-block-heading\">Exp\u00e9rience beaut\u00e9<\/h3>\n\n\n\n<p>Ce que j&rsquo;ai appris sur le terrain :<\/p>\n\n\n\n<ul class=\"wp-block-list\">\n<li>Compr\u00e9hension des besoins clients<\/li>\n\n\n\n<li>Conseil personnalis\u00e9<\/li>\n\n\n\n<li>Connaissance des produits et du march\u00e9 beaut\u00e9<\/li>\n\n\n\n<li>Exp\u00e9rience en vente<\/li>\n<\/ul>\n<\/div>\n\n\n\n<div class=\"wp-block-column is-layout-flow wp-block-column-is-layout-flow\">\n<h3 class=\"wp-block-heading\">Transition digitale<\/h3>\n\n\n\n<p>J&rsquo;ai acquis des comp\u00e9tences en d\u00e9veloppement web et en cr\u00e9ation de site e-commerce, avec une approche orient\u00e9e utilisateur et conversion.<\/p>\n\n\n\n<ul class=\"wp-block-list\">\n<li>WordPress \/ WooCommerce<\/li>\n\n\n\n<li>HTML \/ CSS \/ JS<\/li>\n\n\n\n<li>PHP \/ MySQL<\/li>\n\n\n\n<li>Stripe<\/li>\n<\/ul>\n<\/div>\n<\/div>\n","protected":false},"excerpt":{"rendered":"<p>Web &amp; e-commerce Entre technique, exp\u00e9rience client et univers beaut\u00e9 Apr\u00e8s 5 ans dans l&rsquo;esth\u00e9tique et la vente en cosm\u00e9tique, j&rsquo;ai choisi de faire une reconversion dans le d\u00e9veloppement web&hellip;<\/p>\n","protected":false},"author":3,"featured_media":0,"parent":0,"menu_order":0,"comment_status":"closed","ping_status":"closed","template":"","meta":{"footnotes":""},"class_list":["post-21","page","type-page","status-publish","hentry"],"_links":{"self":[{"href":"https:\/\/nogossanbinate.fr\/index.php?rest_route=\/wp\/v2\/pages\/21","targetHints":{"allow":["GET"]}}],"collection":[{"href":"https:\/\/nogossanbinate.fr\/index.php?rest_route=\/wp\/v2\/pages"}],"about":[{"href":"https:\/\/nogossanbinate.fr\/index.php?rest_route=\/wp\/v2\/types\/page"}],"author":[{"embeddable":true,"href":"https:\/\/nogossanbinate.fr\/index.php?rest_route=\/wp\/v2\/users\/3"}],"replies":[{"embeddable":true,"href":"https:\/\/nogossanbinate.fr\/index.php?rest_route=%2Fwp%2Fv2%2Fcomments&post=21"}],"version-history":[{"count":13,"href":"https:\/\/nogossanbinate.fr\/index.php?rest_route=\/wp\/v2\/pages\/21\/revisions"}],"predecessor-version":[{"id":109,"href":"https:\/\/nogossanbinate.fr\/index.php?rest_route=\/wp\/v2\/pages\/21\/revisions\/109"}],"wp:attachment":[{"href":"https:\/\/nogossanbinate.fr\/index.php?rest_route=%2Fwp%2Fv2%2Fmedia&parent=21"}],"curies":[{"name":"wp","href":"https:\/\/api.w.org\/{rel}","templated":true}]}}